 3*w = 2*v + 21. Suppose -w*z + 85 = -5*s, 79 = 5*z + s - 3*s. Calculate the highest common divisor of 9 and z.
3
Let l = -51 + 229. Let w = l + -144. Calculate the greatest common factor of 17 and w.
17
Let x be 7*(-18)/14*(-4 + 3). Let w = 1 - 3. Let l be w/2 + 0 + 10. Calculate the highest common divisor of l and x.
9
Let q = -93 + 134. Let z be 366/12 + 8 - (-15)/(-6). Let h = q + z. What is the greatest common factor of h and 11?
11
Suppose 0 = -3*k + 2*m + 136, 211*m - 220 = -5*k + 213*m. Calculate the highest common divisor of k and 35322.
42
Suppose 1586*c + 325910 = 1716*c. What is the highest common divisor of 218 and c?
109
Let d be (-224)/(-3)*(-648)/(-16). Suppose -34*t + d = -18*t. Calculate the highest common factor of t and 7.
7
Suppose 0 = 7*d - 5*d - 90. Let q = 49 - d. Suppose 4*r = -q*h + 40, 55 = 5*h + 4*r + 6. Calculate the greatest common divisor of h and 9.
9
Suppose -26779 = 129*y + 33*y - 371515. Calculate the greatest common divisor of y and 133.
133
Let l(z) = -z**3 + 10*z**2 - 15*z + 8. Let t be l(4). Suppose -9*o + 28 = -t. Suppose d - o*d + 112 = 0. What is the greatest common factor of d and 112?
16
Let s be (-22)/4*19/(190/(-2380)). What is the greatest common divisor of 561 and s?
187
Suppose -25*m - 18 = -31*m. Suppose m*p + 35 = -10. Let y be 37 - p*(-3)/9. What is the highest common divisor of y and 64?
32
Let o(d) = -8*d - 40. Let f be o(-13). Let j be (-1884)/(-6) - 10 - -16. What is the greatest common divisor of f and j?
64
Let w(f) = 48*f**2 - 11*f + 21. Let s be w(3). What is the greatest common factor of 1740 and s?
60
Suppose -5*n + 4*d + 4672 = -22458, 0 = -n + 3*d + 5415. What is the highest common divisor of n and 240?
30
Let t(z) be the first derivative of z**4/4 + 2*z**3 - z**2 - 4*z - 48. Let m be t(-6). Calculate the greatest common divisor of m and 552.
8
Let p(t) = -2*t**3 - 8*t**2 - 11*t + 3. Let q be p(-6). Let n = -175 + q. Calculate the greatest common factor of 57 and n.
19
Let k be 4*1 - 29/((90/(-645))/6). What is the highest common factor of 279 and k?
9
Let b = 383 - 264. Suppose -109617*f + 109614*f + 42 = 0. Calculate the highest common divisor of b and f.
7
Let t be ((-3)/2)/((21/712)/(-7)). Let u = t + -252. Calculate the greatest common divisor of u and 78.
26
Let h(u) = -17*u + u**3 - 22 - 8*u**2 + 76*u - 38*u. Let y be h(11). Calculate the greatest common factor of 52 and y.
52
Suppose 153*w + 86*w = 2259 + 1087. Calculate the highest common factor of 6286 and w.
14
Let c = 167 + -168. Let t be (-13)/((-78)/108) + c. Calculate the highest common divisor of 221 and t.
17
Suppose 361*g - 103320 = 81*g. What is the highest common divisor of g and 117?
9
Suppose b - 4794 = -46*b. Calculate the greatest common divisor of b and 170.
34
Suppose -9*f + 313 = 160. Let v = 20 - 18. Suppose 0 = 5*j - 4*s - s - 780, -v*j - 2*s = -300. What is the greatest common divisor of j and f?
17
Let v(q) = 21*q + 4. Let g be v(4). Suppose 4*z = 15*z - 198. Suppose 62 - z = 4*o. Calculate the highest common factor of o and g.
11
Suppose -75*r - 7549 = -2524. Let a be (-6)/12 - 127/2. Let h = a - r. Calculate the greatest common factor of 27 and h.
3
Let w = -7045 + 20705. What is the highest common divisor of 20 and w?
20
Suppose 0 = -3*n - n + 1120. Let c = -85 + n. Suppose 3*z - 9 = 0, -3*z + c + 164 = 5*d. What is the highest common divisor of d and 28?
14
Suppose 19*k - 1749 - 1808 = 53. What is the greatest common divisor of k and 1178?
38
Let l be -26*(37/(-185) - (-12)/10). Let o(h) = 3*h + 94. Let v be o(l). What is the highest common divisor of 16 and v?
16
Suppose 6670 = 3*i + 4*f, -4*i + 8324 = -4*f - 504. What is the highest common divisor of i and 162?
54
Suppose -3728 = -3*y + 4*l, 0 = 4*l - 208 + 192. Calculate the highest common factor of 780 and y.
156
Let t be (2 + (-38)/8)/(1/4). Let h(p) = -9*p - 84. Let n be h(t). Calculate the greatest common factor of 195 and n.
15
Let p = 626 + -428. Let q = p + -137. What is the highest common divisor of q and 122?
61
Let f(u) = 11 - 3 + u**2 - 35 + u**2 + 30*u - 1. Let x be f(-16). What is the greatest common factor of 340 and x?
4
Let r = -16872 - -16879. Calculate the highest common divisor of r and 104.
1
Let w = 9 - 13. Let a be 4/w + 0 + 5. Suppose 18 = a*c - c. Calculate the greatest common factor of 12 and c.
6
Let r(i) = i**2 - 148*i + 936. Let d be r(0). Calculate the greatest common factor of 4 and d.
4
Suppose -2*i - y + 2155 = 4*y, 4*y + 12 = 0. What is the greatest common factor of 35 and i?
35
Suppose -968 = -21*g - 587 + 942. Calculate the greatest common factor of g and 119.
7
Let d = 131 - 53. Let c = 41 + -35. Let a(q) = q**3 - 5*q**2 - 7*q + 12. Let p be a(c). What is the highest common divisor of d and p?
6
Let t(h) = -58 + 0*h**2 - 7*h + h**2 + 74. Let w be t(7). Suppose -8 = -3*n + 2*n. Calculate the highest common factor of n and w.
8
Let o be ((-48)/14)/((-156)/90272). Calculate the greatest common factor of 1364 and o.
124
Suppose 3*b = 2*w, 4*w = b - 0*w + 10. Suppose -4*g - 96 = -4*f + b*f, -4*f + 4*g + 208 = 0. Calculate the highest common factor of 504 and f.
56
Let w be 23 - (33 + -23) - -27723. What is the greatest common factor of 8 and w?
8
Suppose 0 = y + 2*d - 6*d - 454, -3*y + 2*d + 1382 = 0. Let b be 98*((-465)/(-105) - 5 - (-4)/4). What is the highest common factor of b and y?
42
Let r = 250 - 253. Let l(w) = -33*w - 88. Let m be l(r). Calculate the highest common factor of 77 and m.
11
Let g = -10567 - -10600. Calculate the highest common factor of 66 and g.
33
Suppose 5200 = -48*g + 330928. What is the highest common factor of g and 36?
18
Suppose 7*u + x - 94 = 4*u, -2*x + 158 = 5*u. Let j = u + -29. Let q be (j - (-9)/3) + 11. What is the highest common factor of q and 105?
15
Suppose -5*y + 2*j = -20, -y + 3*j = y - 8. Suppose 0 = -y*d - 3*k + 89, 0*d - 72 = -2*d + 4*k. Calculate the greatest common factor of 39 and d.
13
Let r be 46/14 + (-2)/7. Let m = 8887 - 8885. Suppose 3*i = m*t - 155, r*t + 3*i - 223 = -2*i. What is the highest common factor of t and 19?
19
Let k be (-16)/12*(-27)/(-6). Let t be (-5)/(20/8) + -10. Let w be k/9*t + -1. What is the greatest common factor of w and 21?
7
Suppose -35*i = -1394 + 64. What is the greatest common divisor of i and 76?
38
Suppose 82*r - 668 = 70. Let s be (0 - 3 - 0) + 173 + 1. Calculate the greatest common divisor of r and s.
9
Let n = 328 + -433. Let a = n - -159. What is the greatest common divisor of a and 378?
54
Suppose 15 = 2*m + 3*o, -13*o = -4*m - 10*o + 57. Suppose 278 = m*v - 58. What is the greatest common divisor of 252 and v?
28
Suppose 5*h - 5*s - 290 = 0, 5*s + 182 = -2*h + 5*h. Suppose 9*i - 429 - 57 = 0. Calculate the highest common factor of i and h.
54
Let t(y) = -4*y**3 - 66*y**2 + 40*y + 112. Let d be t(-17). What is the greatest common factor of 26890 and d?
10
Suppose 2*a + 17 = 7, 0 = -2*f + 5*a + 295. Suppose 0 = -4*t + f + 21. Calculate the greatest common factor of t and 13.
13
Suppose -2*k - 4*c = -296, 2*c - 416 = -3*k + 3*c. Suppose -k = -7*w - 70. Calculate the highest common divisor of w and 95.
5
Let n = 178 + -181. Let k be -4*(n/(-6)*-14 + -2). Calculate the greatest common factor of 12 and k.
12
Suppose 57*n + 32 = 1970. Let q = -46 - -274. Suppose 5*b + q = h, -3*h + 8*h = -2*b + 1194. Calculate the highest common divisor of n and h.
34
Let g(n) = n**3 + 9. Let s be g(0). Suppose -4*y = -4, -5*h + 83 = 2*y - 34. Suppose 9*u - 590 = -h. Calculate the greatest common divisor of s and u.
9
Let h be (-56)/(-6) - 1/3. Let k be (-4796)/(-14) - (-177)/413. Let r = k - 325. Calculate the greatest common factor of h and r.
9
Let z(b) = -174*b + 28. Let d be z(-10). Calculate the greatest common factor of 312 and d.
104
Let q be 0*((-1)/5)/((-1)/(-5)). Suppose 7*d - 74 + 4 = q. What is the highest common divisor of 10 and d?
10
Suppose 0 = 3*k - 3*p - 159, -7 = k + p - 66. Let r(c) = -9*c + 1. Let j = 26 - 29. Let l be r(j). Calculate the highest common factor of l and k.
28
Let t(w) = -w**3 - 4*w**2 + 9*w - 8. Let r be t(-6). Suppose 0 = -3*j + 65 + 865. Calculate the greatest common factor of r and j.
10
Let d = -16 - -22. Suppose 3 + 42 = 5*s. Let m be 340/14 - (-1 - s/(-7)). What is the highest common factor of d 